{"id":119,"date":"2019-12-15T05:59:03","date_gmt":"2019-12-15T05:59:03","guid":{"rendered":"https:\/\/jupiterx.artbees.net\/hospital\/?page_id=119"},"modified":"2023-10-24T10:24:56","modified_gmt":"2023-10-24T10:24:56","slug":"blog","status":"publish","type":"page","link":"https:\/\/farmaciaflorida.gurumk.com\/?page_id=119","title":{"rendered":"Blog"},"content":{"rendered":"\t\t<div data-elementor-type=\"wp-page\" data-elementor-id=\"119\" class=\"elementor elementor-119\">\n\t\t\t\t\t\t\t\t\t<section class=\"elementor-section elementor-top-section elementor-element elementor-element-e4cd885 elementor-section-height-min-height elementor-section-boxed elementor-section-height-default elementor-section-items-middle\" data-id=\"e4cd885\" data-element_type=\"section\" data-settings=\"{&quot;jet_parallax_layout_list&quot;:[{&quot;jet_parallax_layout_image&quot;:{&quot;url&quot;:&quot;&quot;,&quot;id&quot;:&quot;&quot;,&quot;size&quot;:&quot;&quot;},&quot;_id&quot;:&quot;e148aec&quot;,&quot;jet_parallax_layout_image_tablet&quot;:{&quot;url&quot;:&quot;&quot;,&quot;id&quot;:&quot;&quot;,&quot;size&quot;:&quot;&quot;},&quot;jet_parallax_layout_image_mobile&quot;:{&quot;url&quot;:&quot;&quot;,&quot;id&quot;:&quot;&quot;,&quot;size&quot;:&quot;&quot;},&quot;jet_parallax_layout_speed&quot;:{&quot;unit&quot;:&quot;%&quot;,&quot;size&quot;:&quot;50&quot;,&quot;sizes&quot;:[]},&quot;jet_parallax_layout_bg_x&quot;:&quot;50&quot;,&quot;jet_parallax_layout_bg_y&quot;:&quot;50&quot;,&quot;jet_parallax_layout_type&quot;:&quot;scroll&quot;,&quot;jet_parallax_layout_direction&quot;:null,&quot;jet_parallax_layout_fx_direction&quot;:null,&quot;jet_parallax_layout_z_index&quot;:&quot;&quot;,&quot;jet_parallax_layout_bg_x_tablet&quot;:&quot;&quot;,&quot;jet_parallax_layout_bg_x_mobile&quot;:&quot;&quot;,&quot;jet_parallax_layout_bg_y_tablet&quot;:&quot;&quot;,&quot;jet_parallax_layout_bg_y_mobile&quot;:&quot;&quot;,&quot;jet_parallax_layout_bg_size&quot;:&quot;auto&quot;,&quot;jet_parallax_layout_bg_size_tablet&quot;:&quot;&quot;,&quot;jet_parallax_layout_bg_size_mobile&quot;:&quot;&quot;,&quot;jet_parallax_layout_animation_prop&quot;:&quot;transform&quot;,&quot;jet_parallax_layout_on&quot;:[&quot;desktop&quot;,&quot;tablet&quot;]}],&quot;background_background&quot;:&quot;classic&quot;}\">\n\t\t\t\t\t\t\t<div class=\"elementor-background-overlay\"><\/div>\n\t\t\t\t\t\t\t<div class=\"elementor-container elementor-column-gap-default\">\n\t\t\t\t\t<div class=\"elementor-column elementor-col-100 elementor-top-column elementor-element elementor-element-a35c1ce\" data-id=\"a35c1ce\" data-element_type=\"column\">\n\t\t\t<div class=\"elementor-widget-wrap elementor-element-populated\">\n\t\t\t\t\t\t\t\t<div class=\"elementor-element elementor-element-4b1bfc1 elementor-align-center elementor-widget elementor-widget-raven-heading\" data-id=\"4b1bfc1\" data-element_type=\"widget\" data-widget_type=\"raven-heading.default\">\n\t\t\t\t<div class=\"elementor-widget-container\">\n\t\t\t\t\t<div class=\"raven-widget-wrapper\"><h1 class=\"raven-heading raven-heading-h1\"><span class=\"raven-heading-title \">Blog<\/span><\/h1><\/div>\n\t\t\t\t<\/div>\n\t\t\t\t<\/div>\n\t\t\t\t<div class=\"elementor-element elementor-element-6071291 elementor-align-center elementor-widget elementor-widget-raven-breadcrumbs\" data-id=\"6071291\" data-element_type=\"widget\" data-widget_type=\"raven-breadcrumbs.default\">\n\t\t\t\t<div class=\"elementor-widget-container\">\n\t\t\t<div class=\"raven-breadcrumbs raven-breadcrumbs-default\"><div class=\"breadcrumb\">\t\t\t\t<div class=\"breadcrumb-item active\" aria-current=\"page\"><span>Home<\/span><\/div>\n\n\t\t\t\t<\/div><\/div>\t\t<\/div>\n\t\t\t\t<\/div>\n\t\t\t\t\t<\/div>\n\t\t<\/div>\n\t\t\t\t\t\t\t<\/div>\n\t\t<\/section>\n\t\t\t\t<section class=\"elementor-section elementor-top-section elementor-element elementor-element-2daf6f3 elementor-section-boxed elementor-section-height-default elementor-section-height-default\" data-id=\"2daf6f3\" data-element_type=\"section\" data-settings=\"{&quot;jet_parallax_layout_list&quot;:[{&quot;jet_parallax_layout_image&quot;:{&quot;url&quot;:&quot;&quot;,&quot;id&quot;:&quot;&quot;,&quot;size&quot;:&quot;&quot;},&quot;_id&quot;:&quot;1f1bed4&quot;,&quot;jet_parallax_layout_image_tablet&quot;:{&quot;url&quot;:&quot;&quot;,&quot;id&quot;:&quot;&quot;,&quot;size&quot;:&quot;&quot;},&quot;jet_parallax_layout_image_mobile&quot;:{&quot;url&quot;:&quot;&quot;,&quot;id&quot;:&quot;&quot;,&quot;size&quot;:&quot;&quot;},&quot;jet_parallax_layout_speed&quot;:{&quot;unit&quot;:&quot;%&quot;,&quot;size&quot;:&quot;50&quot;,&quot;sizes&quot;:[]},&quot;jet_parallax_layout_bg_x&quot;:&quot;50&quot;,&quot;jet_parallax_layout_bg_y&quot;:&quot;50&quot;,&quot;jet_parallax_layout_type&quot;:&quot;scroll&quot;,&quot;jet_parallax_layout_direction&quot;:null,&quot;jet_parallax_layout_fx_direction&quot;:null,&quot;jet_parallax_layout_z_index&quot;:&quot;&quot;,&quot;jet_parallax_layout_bg_x_tablet&quot;:&quot;&quot;,&quot;jet_parallax_layout_bg_x_mobile&quot;:&quot;&quot;,&quot;jet_parallax_layout_bg_y_tablet&quot;:&quot;&quot;,&quot;jet_parallax_layout_bg_y_mobile&quot;:&quot;&quot;,&quot;jet_parallax_layout_bg_size&quot;:&quot;auto&quot;,&quot;jet_parallax_layout_bg_size_tablet&quot;:&quot;&quot;,&quot;jet_parallax_layout_bg_size_mobile&quot;:&quot;&quot;,&quot;jet_parallax_layout_animation_prop&quot;:&quot;transform&quot;,&quot;jet_parallax_layout_on&quot;:[&quot;desktop&quot;,&quot;tablet&quot;]}]}\">\n\t\t\t\t\t\t<div class=\"elementor-container elementor-column-gap-default\">\n\t\t\t\t\t<div class=\"elementor-column elementor-col-100 elementor-top-column elementor-element elementor-element-49aec4f\" data-id=\"49aec4f\" data-element_type=\"column\">\n\t\t\t<div class=\"elementor-widget-wrap elementor-element-populated\">\n\t\t\t\t\t\t\t\t<div class=\"elementor-element elementor-element-2f6924f elementor-widget elementor-widget-raven-posts\" data-id=\"2f6924f\" data-element_type=\"widget\" data-settings=\"{&quot;classic_columns&quot;:&quot;2&quot;,&quot;classic_show_pagination&quot;:&quot;yes&quot;,&quot;classic_pagination_type&quot;:&quot;load_more&quot;,&quot;_skin&quot;:&quot;classic&quot;,&quot;classic_layout&quot;:&quot;grid&quot;,&quot;classic_columns_tablet&quot;:&quot;2&quot;,&quot;classic_columns_mobile&quot;:&quot;1&quot;,&quot;query_posts_per_page&quot;:6,&quot;query_offset&quot;:0}\" data-widget_type=\"raven-posts.classic\">\n\t\t\t\t<div class=\"elementor-widget-container\">\n\t\t\t\t\t<div class=\"raven-posts raven-grid raven-grid-2 raven-grid-mobile-1 raven-grid-tablet-2\" data-post-id=\"119\" data-archive-query=\"\" data-lang=\"\">\n\t\t\t\t<div class=\"raven-grid-item raven-post-item post-1507 post type-post status-publish format-standard has-post-thumbnail hentry category-uncategorized\">\n\t\t\t<div class=\"raven-post\">\n\t\t\t\t\t\t<div class=\"raven-post-image-wrap\">\n\t\t\t<a class=\"raven-post-image raven-image-fit\" href=\"https:\/\/farmaciaflorida.gurumk.com\/?p=1507\"><img loading=\"lazy\" decoding=\"async\" width=\"2560\" height=\"1889\" src=\"https:\/\/farmaciaflorida.gurumk.com\/wp-content\/uploads\/2023\/10\/shutterstock_1787685497-scaled.jpg\" class=\"attachment-full size-full wp-image-1508\" alt=\"\" srcset=\"https:\/\/farmaciaflorida.gurumk.com\/wp-content\/uploads\/2023\/10\/shutterstock_1787685497-scaled.jpg 2560w, https:\/\/farmaciaflorida.gurumk.com\/wp-content\/uploads\/2023\/10\/shutterstock_1787685497-300x221.jpg 300w, https:\/\/farmaciaflorida.gurumk.com\/wp-content\/uploads\/2023\/10\/shutterstock_1787685497-1024x756.jpg 1024w, https:\/\/farmaciaflorida.gurumk.com\/wp-content\/uploads\/2023\/10\/shutterstock_1787685497-768x567.jpg 768w, https:\/\/farmaciaflorida.gurumk.com\/wp-content\/uploads\/2023\/10\/shutterstock_1787685497-1536x1133.jpg 1536w, https:\/\/farmaciaflorida.gurumk.com\/wp-content\/uploads\/2023\/10\/shutterstock_1787685497-2048x1511.jpg 2048w\" sizes=\"auto, (max-width: 2560px) 100vw, 2560px\" \/> <span class=\"raven-post-image-overlay\"><\/span><\/a>\t\t<\/div>\n\t\t\t\t\t\t<div class=\"raven-post-content\">\n\t\t\t\t\t\t\t<div class=\"raven-post-meta\"><a class=\"raven-post-meta-item raven-post-date\" href=\"https:\/\/farmaciaflorida.gurumk.com\/?m=202310\" rel=\"bookmark\">octubre 24, 2023<\/a>\n<span class=\"raven-post-meta-divider\">|<\/span>\n<a class=\"raven-post-meta-item raven-post-comments\" href=\"https:\/\/farmaciaflorida.gurumk.com\/?p=1507#comments\" rel=\"bookmark\">No hay comentarios<\/a><\/div>\n\t\t<h3 class=\"raven-post-title\"><a class=\"raven-post-title-link\" href=\"https:\/\/farmaciaflorida.gurumk.com\/?p=1507\">Qu\u00e9 es la homeopat\u00eda y para qu\u00e9 sirve\u00a0<\/a><\/h3>\t\t<div class=\"raven-post-excerpt\">En los \u00faltimos a\u00f1os, muchas personas se interesan por saber qu\u00e9 es la homeopat\u00eda, ya que comienza a tener mayores referencias. Esto se debe a que las pr\u00e1cticas homeop\u00e1ticas han crecido de una manera significativa en distintos lugares.<\/div>\n\t\t\t\t\t\t<\/div>\n\t\t\t<\/div>\n\t\t<\/div>\n\t\t\t\t<div class=\"raven-grid-item raven-post-item post-183 post type-post status-publish format-standard has-post-thumbnail hentry category-uncategorized\">\n\t\t\t<div class=\"raven-post\">\n\t\t\t\t\t\t<div class=\"raven-post-image-wrap\">\n\t\t\t<a class=\"raven-post-image raven-image-fit\" href=\"https:\/\/farmaciaflorida.gurumk.com\/?p=183\"><img loading=\"lazy\" decoding=\"async\" width=\"2560\" height=\"1226\" src=\"https:\/\/farmaciaflorida.gurumk.com\/wp-content\/uploads\/2019\/12\/shutterstock_1999553327-scaled.jpg\" class=\"attachment-full size-full wp-image-1505\" alt=\"\" srcset=\"https:\/\/farmaciaflorida.gurumk.com\/wp-content\/uploads\/2019\/12\/shutterstock_1999553327-scaled.jpg 2560w, https:\/\/farmaciaflorida.gurumk.com\/wp-content\/uploads\/2019\/12\/shutterstock_1999553327-300x144.jpg 300w, https:\/\/farmaciaflorida.gurumk.com\/wp-content\/uploads\/2019\/12\/shutterstock_1999553327-1024x490.jpg 1024w, https:\/\/farmaciaflorida.gurumk.com\/wp-content\/uploads\/2019\/12\/shutterstock_1999553327-768x368.jpg 768w, https:\/\/farmaciaflorida.gurumk.com\/wp-content\/uploads\/2019\/12\/shutterstock_1999553327-1536x735.jpg 1536w, https:\/\/farmaciaflorida.gurumk.com\/wp-content\/uploads\/2019\/12\/shutterstock_1999553327-2048x981.jpg 2048w\" sizes=\"auto, (max-width: 2560px) 100vw, 2560px\" \/> <span class=\"raven-post-image-overlay\"><\/span><\/a>\t\t<\/div>\n\t\t\t\t\t\t<div class=\"raven-post-content\">\n\t\t\t\t\t\t\t<div class=\"raven-post-meta\"><a class=\"raven-post-meta-item raven-post-date\" href=\"https:\/\/farmaciaflorida.gurumk.com\/?m=202310\" rel=\"bookmark\">octubre 24, 2023<\/a>\n<span class=\"raven-post-meta-divider\">|<\/span>\n<a class=\"raven-post-meta-item raven-post-comments\" href=\"https:\/\/farmaciaflorida.gurumk.com\/?p=183#comments\" rel=\"bookmark\">No hay comentarios<\/a><\/div>\n\t\t<h3 class=\"raven-post-title\"><a class=\"raven-post-title-link\" href=\"https:\/\/farmaciaflorida.gurumk.com\/?p=183\">Partes del o\u00eddo: su anatom\u00eda y sus funciones<\/a><\/h3>\t\t<div class=\"raven-post-excerpt\">Se trata de uno de los sistemas sensoriales m\u00e1s avanzados y eficientes, nos referimos al maravilloso sentido de la audici\u00f3n. Donde cada una de las partes del o\u00eddo representa un sofisticado mecanismo, que adem\u00e1s de controlar lo que o\u00edmos, se relaciona con el sentido del equilibrio del cuerpo.<\/div>\n\t\t\t\t\t\t<\/div>\n\t\t\t<\/div>\n\t\t<\/div>\n\t\t\t\t<\/div>\n\t\t\t\t<\/div>\n\t\t\t\t<\/div>\n\t\t\t\t\t<\/div>\n\t\t<\/div>\n\t\t\t\t\t\t\t<\/div>\n\t\t<\/section>\n\t\t\t\t\t\t\t<\/div>\n\t\t","protected":false},"excerpt":{"rendered":"<p>Blog Home octubre 24, 2023 | No hay comentarios Qu\u00e9 es la homeopat\u00eda y para qu\u00e9 sirve\u00a0 En los \u00faltimos a\u00f1os, muchas personas se interesan por saber qu\u00e9 es la homeopat\u00eda, ya que comienza a tener mayores referencias. Esto se debe a que las pr\u00e1cticas homeop\u00e1ticas han crecido de una manera significativa en distintos lugares. [&hellip;]<\/p>\n","protected":false},"author":1,"featured_media":0,"parent":0,"menu_order":0,"comment_status":"closed","ping_status":"closed","template":"elementor_header_footer","meta":{"footnotes":""},"class_list":["post-119","page","type-page","status-publish","hentry"],"acf":[],"yoast_head":"<!-- This site is optimized with the Yoast SEO plugin v21.1 - https:\/\/yoast.com\/wordpress\/plugins\/seo\/ -->\n<title>Blog - Farmacia Florida-Portazgo<\/title>\n<meta name=\"robots\" content=\"noindex, follow, max-snippet:-1, max-image-preview:large, max-video-preview:-1\" \/>\n<meta property=\"og:locale\" content=\"es_ES\" \/>\n<meta property=\"og:type\" content=\"article\" \/>\n<meta property=\"og:title\" content=\"Blog - Farmacia Florida-Portazgo\" \/>\n<meta property=\"og:description\" content=\"Blog Home octubre 24, 2023 | No hay comentarios Qu\u00e9 es la homeopat\u00eda y para qu\u00e9 sirve\u00a0 En los \u00faltimos a\u00f1os, muchas personas se interesan por saber qu\u00e9 es la homeopat\u00eda, ya que comienza a tener mayores referencias. Esto se debe a que las pr\u00e1cticas homeop\u00e1ticas han crecido de una manera significativa en distintos lugares. [&hellip;]\" \/>\n<meta property=\"og:url\" content=\"https:\/\/farmaciaflorida.gurumk.com\/?page_id=119\" \/>\n<meta property=\"og:site_name\" content=\"Farmacia Florida-Portazgo\" \/>\n<meta property=\"article:modified_time\" content=\"2023-10-24T10:24:56+00:00\" \/>\n<meta property=\"og:image\" content=\"https:\/\/farmaciaflorida.gurumk.com\/wp-content\/uploads\/2023\/10\/shutterstock_1787685497-scaled.jpg\" \/>\n<meta name=\"twitter:card\" content=\"summary_large_image\" \/>\n<meta name=\"twitter:label1\" content=\"Tiempo de lectura\" \/>\n\t<meta name=\"twitter:data1\" content=\"3 minutos\" \/>\n<script type=\"application\/ld+json\" class=\"yoast-schema-graph\">{\"@context\":\"https:\/\/schema.org\",\"@graph\":[{\"@type\":\"WebPage\",\"@id\":\"https:\/\/farmaciaflorida.gurumk.com\/?page_id=119\",\"url\":\"https:\/\/farmaciaflorida.gurumk.com\/?page_id=119\",\"name\":\"Blog - Farmacia Florida-Portazgo\",\"isPartOf\":{\"@id\":\"https:\/\/farmaciaflorida.gurumk.com\/#website\"},\"datePublished\":\"2019-12-15T05:59:03+00:00\",\"dateModified\":\"2023-10-24T10:24:56+00:00\",\"breadcrumb\":{\"@id\":\"https:\/\/farmaciaflorida.gurumk.com\/?page_id=119#breadcrumb\"},\"inLanguage\":\"es\",\"potentialAction\":[{\"@type\":\"ReadAction\",\"target\":[\"https:\/\/farmaciaflorida.gurumk.com\/?page_id=119\"]}]},{\"@type\":\"BreadcrumbList\",\"@id\":\"https:\/\/farmaciaflorida.gurumk.com\/?page_id=119#breadcrumb\",\"itemListElement\":[{\"@type\":\"ListItem\",\"position\":1,\"name\":\"Portada\",\"item\":\"https:\/\/farmaciaflorida.gurumk.com\/\"},{\"@type\":\"ListItem\",\"position\":2,\"name\":\"Blog\"}]},{\"@type\":\"WebSite\",\"@id\":\"https:\/\/farmaciaflorida.gurumk.com\/#website\",\"url\":\"https:\/\/farmaciaflorida.gurumk.com\/\",\"name\":\"Farmacia Florida-Portazgo\",\"description\":\"\",\"potentialAction\":[{\"@type\":\"SearchAction\",\"target\":{\"@type\":\"EntryPoint\",\"urlTemplate\":\"https:\/\/farmaciaflorida.gurumk.com\/?s={search_term_string}\"},\"query-input\":\"required name=search_term_string\"}],\"inLanguage\":\"es\"}]}<\/script>\n<!-- \/ Yoast SEO plugin. -->","yoast_head_json":{"title":"Blog - Farmacia Florida-Portazgo","robots":{"index":"noindex","follow":"follow","max-snippet":"max-snippet:-1","max-image-preview":"max-image-preview:large","max-video-preview":"max-video-preview:-1"},"og_locale":"es_ES","og_type":"article","og_title":"Blog - Farmacia Florida-Portazgo","og_description":"Blog Home octubre 24, 2023 | No hay comentarios Qu\u00e9 es la homeopat\u00eda y para qu\u00e9 sirve\u00a0 En los \u00faltimos a\u00f1os, muchas personas se interesan por saber qu\u00e9 es la homeopat\u00eda, ya que comienza a tener mayores referencias. Esto se debe a que las pr\u00e1cticas homeop\u00e1ticas han crecido de una manera significativa en distintos lugares. [&hellip;]","og_url":"https:\/\/farmaciaflorida.gurumk.com\/?page_id=119","og_site_name":"Farmacia Florida-Portazgo","article_modified_time":"2023-10-24T10:24:56+00:00","og_image":[{"url":"https:\/\/farmaciaflorida.gurumk.com\/wp-content\/uploads\/2023\/10\/shutterstock_1787685497-scaled.jpg"}],"twitter_card":"summary_large_image","twitter_misc":{"Tiempo de lectura":"3 minutos"},"schema":{"@context":"https:\/\/schema.org","@graph":[{"@type":"WebPage","@id":"https:\/\/farmaciaflorida.gurumk.com\/?page_id=119","url":"https:\/\/farmaciaflorida.gurumk.com\/?page_id=119","name":"Blog - Farmacia Florida-Portazgo","isPartOf":{"@id":"https:\/\/farmaciaflorida.gurumk.com\/#website"},"datePublished":"2019-12-15T05:59:03+00:00","dateModified":"2023-10-24T10:24:56+00:00","breadcrumb":{"@id":"https:\/\/farmaciaflorida.gurumk.com\/?page_id=119#breadcrumb"},"inLanguage":"es","potentialAction":[{"@type":"ReadAction","target":["https:\/\/farmaciaflorida.gurumk.com\/?page_id=119"]}]},{"@type":"BreadcrumbList","@id":"https:\/\/farmaciaflorida.gurumk.com\/?page_id=119#breadcrumb","itemListElement":[{"@type":"ListItem","position":1,"name":"Portada","item":"https:\/\/farmaciaflorida.gurumk.com\/"},{"@type":"ListItem","position":2,"name":"Blog"}]},{"@type":"WebSite","@id":"https:\/\/farmaciaflorida.gurumk.com\/#website","url":"https:\/\/farmaciaflorida.gurumk.com\/","name":"Farmacia Florida-Portazgo","description":"","potentialAction":[{"@type":"SearchAction","target":{"@type":"EntryPoint","urlTemplate":"https:\/\/farmaciaflorida.gurumk.com\/?s={search_term_string}"},"query-input":"required name=search_term_string"}],"inLanguage":"es"}]}},"_links":{"self":[{"href":"https:\/\/farmaciaflorida.gurumk.com\/index.php?rest_route=\/wp\/v2\/pages\/119","targetHints":{"allow":["GET"]}}],"collection":[{"href":"https:\/\/farmaciaflorida.gurumk.com\/index.php?rest_route=\/wp\/v2\/pages"}],"about":[{"href":"https:\/\/farmaciaflorida.gurumk.com\/index.php?rest_route=\/wp\/v2\/types\/page"}],"author":[{"embeddable":true,"href":"https:\/\/farmaciaflorida.gurumk.com\/index.php?rest_route=\/wp\/v2\/users\/1"}],"replies":[{"embeddable":true,"href":"https:\/\/farmaciaflorida.gurumk.com\/index.php?rest_route=%2Fwp%2Fv2%2Fcomments&post=119"}],"version-history":[{"count":4,"href":"https:\/\/farmaciaflorida.gurumk.com\/index.php?rest_route=\/wp\/v2\/pages\/119\/revisions"}],"predecessor-version":[{"id":1519,"href":"https:\/\/farmaciaflorida.gurumk.com\/index.php?rest_route=\/wp\/v2\/pages\/119\/revisions\/1519"}],"wp:attachment":[{"href":"https:\/\/farmaciaflorida.gurumk.com\/index.php?rest_route=%2Fwp%2Fv2%2Fmedia&parent=119"}],"curies":[{"name":"wp","href":"https:\/\/api.w.org\/{rel}","templated":true}]}}